{"id":630,"date":"2018-07-17T16:21:59","date_gmt":"2018-07-17T14:21:59","guid":{"rendered":"http:\/\/www.pzsolesnica.pl\/wp\/wordpress\/?page_id=630"},"modified":"2022-07-29T13:37:45","modified_gmt":"2022-07-29T11:37:45","slug":"oddzial-anestezjologii-i-intensywnej-terapii","status":"publish","type":"page","link":"https:\/\/www.pzsolesnica.pl\/wp\/oddzial-anestezjologii-i-intensywnej-terapii\/","title":{"rendered":"Oddzia\u0142 Anestezjologii i Intensywnej Terapii"},"content":{"rendered":"<h3 style=\"text-align: right;\">Kierownik Oddzia\u0142u<br><strong>lek. El\u017cbieta Kr\u00f3licka-Garbino<\/strong><br><strong>Specjalista anestezjologii i intensywnej terapii<\/strong><\/h3>\n<h3 style=\"text-align: right;\">Zast\u0119pca Kierownika Oddzia\u0142u<strong><br>lek. Ewa Gawkowska<\/strong><\/h3>\n<h3 style=\"text-align: right;\">Piel\u0119gniarka Oddzia\u0142owa<br><strong>mgr Marzena Rodak<\/strong><br><strong>piel\u0119gniarka specjalista anestezjologii i intensywnej opieki<\/strong><\/h3>\n<h3><strong>Telefony:<br><\/strong>Dy\u017curka lekarska: <strong>71 77 67 378<br><\/strong>Dy\u017curka piel\u0119gniarska: <strong>71 77 67 329<br><\/strong>Sekretariat oddzia\u0142u: <strong>71 77 67 313<\/strong><\/h3>\n<h3>&nbsp;<\/h3>\n<h3><strong>Zakres dzia\u0142alno\u015bci obejmuje<\/strong><\/h3>\n<p>Oddzia\u0142 Anestezjologii i Intensywnej Terapii rozpocz\u0105\u0142 dzia\u0142alno\u015b\u0107 1 lipca 2015 roku. Obecnie posiada 6 stanowisk intensywnej terapii wyposa\u017conych w nowoczesn\u0105 aparatur\u0119, kt\u00f3ra umo\u017cliwia sta\u0142e monitorowanie czynno\u015bci \u017cyciowych oraz leczenie chorych w stanach bezpo\u015bredniego zagro\u017cenia \u017cycia. Respiratory przystosowane s\u0105 do wszystkich tryb\u00f3w wentylacji oraz aparaty do terapii nerkozast\u0119pczej typu PRISMA FLEX i OMNI zapewniaj\u0105 wspomaganie niewydolnych narz\u0105d\u00f3w. Do dyspozycji jest przy\u0142\u00f3\u017ckowy aparat USG, endoskop, mobilny aparat RTG, sprz\u0119t infuzyjny do poda\u017cy lek\u00f3w i \u017cywienia, urz\u0105dzenia do ogrzewania i sch\u0142odzenia chorych. Zesp\u00f3\u0142 anestezjologiczny wykonuje interwencje i konsultacje chorych w stanach zagro\u017cenia \u017cycia w oddzia\u0142ach PZS, a tak\u017ce prowadzi i nadzoruje post\u0119powanie resuscytacyjne. Ponadto personel medyczny Oddzia\u0142u Anestezjologii i Intensywnej Terapii wsp\u00f3\u0142uczestniczy w zabiegach diagnostycznych i operacyjnych, wykonuje znieczulenia og\u00f3lne i przewodowe do zabieg\u00f3w w trybie planowym i ostrody\u017curowym w zakresie chirurgii og\u00f3lnej, po\u0142o\u017cnictwa i ginekologii oraz ginekologii onkologicznej.<\/p>\n\n\n<figure class=\"wp-block-gallery columns-2 is-cropped wp-block-gallery-1 is-layout-flex wp-block-gallery-is-layout-flex\"><ul class=\"blocks-gallery-grid\"><li class=\"blocks-gallery-item\"><figure><a href=\"https:\/\/www.pzsolesnica.pl\/wp\/wp-content\/uploads\/2022\/07\/295226366_466920955437684_4320829387662644540_n-1024x473.jpg\"><img loading=\"lazy\" decoding=\"async\" width=\"1024\" height=\"473\" src=\"https:\/\/www.pzsolesnica.pl\/wp\/wp-content\/uploads\/2022\/07\/295226366_466920955437684_4320829387662644540_n-1024x473.jpg\" alt=\"\" data-id=\"3201\" data-link=\"https:\/\/www.pzsolesnica.pl\/wp\/oddzial-anestezjologii-i-intensywnej-terapii\/295226366_466920955437684_4320829387662644540_n\/\" class=\"wp-image-3201\" srcset=\"https:\/\/www.pzsolesnica.pl\/wp\/wp-content\/uploads\/2022\/07\/295226366_466920955437684_4320829387662644540_n-1024x473.jpg 1024w, https:\/\/www.pzsolesnica.pl\/wp\/wp-content\/uploads\/2022\/07\/295226366_466920955437684_4320829387662644540_n-300x139.jpg 300w, https:\/\/www.pzsolesnica.pl\/wp\/wp-content\/uploads\/2022\/07\/295226366_466920955437684_4320829387662644540_n-768x355.jpg 768w, https:\/\/www.pzsolesnica.pl\/wp\/wp-content\/uploads\/2022\/07\/295226366_466920955437684_4320829387662644540_n-1536x709.jpg 1536w, https:\/\/www.pzsolesnica.pl\/wp\/wp-content\/uploads\/2022\/07\/295226366_466920955437684_4320829387662644540_n.jpg 1992w\" sizes=\"auto, (max-width: 706px) 89vw, (max-width: 767px) 82vw, 740px\" \/><\/a><\/figure><\/li><li class=\"blocks-gallery-item\"><figure><a href=\"https:\/\/www.pzsolesnica.pl\/wp\/wp-content\/uploads\/2022\/07\/295476261_593042778939608_8850341586366116852_n-1024x473.jpg\"><img loading=\"lazy\" decoding=\"async\" width=\"1024\" height=\"473\" src=\"https:\/\/www.pzsolesnica.pl\/wp\/wp-content\/uploads\/2022\/07\/295476261_593042778939608_8850341586366116852_n-1024x473.jpg\" alt=\"\" data-id=\"3202\" data-link=\"https:\/\/www.pzsolesnica.pl\/wp\/oddzial-anestezjologii-i-intensywnej-terapii\/295476261_593042778939608_8850341586366116852_n\/\" class=\"wp-image-3202\" srcset=\"https:\/\/www.pzsolesnica.pl\/wp\/wp-content\/uploads\/2022\/07\/295476261_593042778939608_8850341586366116852_n-1024x473.jpg 1024w, https:\/\/www.pzsolesnica.pl\/wp\/wp-content\/uploads\/2022\/07\/295476261_593042778939608_8850341586366116852_n-300x139.jpg 300w, https:\/\/www.pzsolesnica.pl\/wp\/wp-content\/uploads\/2022\/07\/295476261_593042778939608_8850341586366116852_n-768x355.jpg 768w, https:\/\/www.pzsolesnica.pl\/wp\/wp-content\/uploads\/2022\/07\/295476261_593042778939608_8850341586366116852_n-1536x709.jpg 1536w, https:\/\/www.pzsolesnica.pl\/wp\/wp-content\/uploads\/2022\/07\/295476261_593042778939608_8850341586366116852_n.jpg 1992w\" sizes=\"auto, (max-width: 706px) 89vw, (max-width: 767px) 82vw, 740px\" \/><\/a><\/figure><\/li><\/ul><\/figure>\n\n\n\n<p><\/p>\n","protected":false},"excerpt":{"rendered":"<p>Kierownik Oddzia\u0142ulek. El\u017cbieta Kr\u00f3licka-GarbinoSpecjalista anestezjologii i intensywnej terapii Zast\u0119pca Kierownika Oddzia\u0142ulek. Ewa Gawkowska Piel\u0119gniarka Oddzia\u0142owamgr Marzena Rodakpiel\u0119gniarka specjalista anestezjologii i intensywnej opieki Telefony:Dy\u017curka lekarska: 71 77 67 378Dy\u017curka piel\u0119gniarska: 71 77 67 329Sekretariat oddzia\u0142u: 71 77 67 313 &nbsp; Zakres dzia\u0142alno\u015bci obejmuje Oddzia\u0142 Anestezjologii i Intensywnej Terapii rozpocz\u0105\u0142 dzia\u0142alno\u015b\u0107 1 lipca 2015 roku. Obecnie posiada &hellip; <\/p>\n<p class=\"link-more\"><a href=\"https:\/\/www.pzsolesnica.pl\/wp\/oddzial-anestezjologii-i-intensywnej-terapii\/\" class=\"more-link\">Czytaj dalej<span class=\"screen-reader-text\"> \u201eOddzia\u0142 Anestezjologii i Intensywnej Terapii\u201d<\/span><\/a><\/p>\n","protected":false},"author":1,"featured_media":0,"parent":0,"menu_order":0,"comment_status":"closed","ping_status":"closed","template":"","meta":{"footnotes":""},"class_list":["post-630","page","type-page","status-publish","hentry"],"_links":{"self":[{"href":"https:\/\/www.pzsolesnica.pl\/wp\/wp-json\/wp\/v2\/pages\/630","targetHints":{"allow":["GET"]}}],"collection":[{"href":"https:\/\/www.pzsolesnica.pl\/wp\/wp-json\/wp\/v2\/pages"}],"about":[{"href":"https:\/\/www.pzsolesnica.pl\/wp\/wp-json\/wp\/v2\/types\/page"}],"author":[{"embeddable":true,"href":"https:\/\/www.pzsolesnica.pl\/wp\/wp-json\/wp\/v2\/users\/1"}],"replies":[{"embeddable":true,"href":"https:\/\/www.pzsolesnica.pl\/wp\/wp-json\/wp\/v2\/comments?post=630"}],"version-history":[{"count":26,"href":"https:\/\/www.pzsolesnica.pl\/wp\/wp-json\/wp\/v2\/pages\/630\/revisions"}],"predecessor-version":[{"id":3282,"href":"https:\/\/www.pzsolesnica.pl\/wp\/wp-json\/wp\/v2\/pages\/630\/revisions\/3282"}],"wp:attachment":[{"href":"https:\/\/www.pzsolesnica.pl\/wp\/wp-json\/wp\/v2\/media?parent=630"}],"curies":[{"name":"wp","href":"https:\/\/api.w.org\/{rel}","templated":true}]}}

Oddział Anestezjologii i Intensywnej Terapii

<h3 style="text-align: right;">Kierownik Oddziału<br><strong>lek. Elżbieta Królicka-Garbino</strong><br><strong>Specjalista anestezjologii i intensywnej terapii</strong></h3>
<h3 style="text-align: right;">Zastępca Kierownika Oddziału<strong><br>lek. Ewa Gawkowska</strong></h3>
<h3 style="text-align: right;">Pielęgniarka Oddziałowa<br><strong>mgr Marzena Rodak</strong><br><strong>pielęgniarka specjalista anestezjologii i intensywnej opieki</strong></h3>
<h3><strong>Telefony:<br></strong>Dyżurka lekarska: <strong>71 77 67 378<br></strong>Dyżurka pielęgniarska: <strong>71 77 67 329<br></strong>Sekretariat oddziału: <strong>71 77 67 313</strong></h3>
<h3>&nbsp;</h3>
<h3><strong>Zakres działalności obejmuje</strong></h3>
<p>Oddział Anestezjologii i Intensywnej Terapii rozpoczął działalność 1 lipca 2015 roku. Obecnie posiada 6 stanowisk intensywnej terapii wyposażonych w nowoczesną aparaturę, która umożliwia stałe monitorowanie czynności życiowych oraz leczenie chorych w stanach bezpośredniego zagrożenia życia. Respiratory przystosowane są do wszystkich trybów wentylacji oraz aparaty do terapii nerkozastępczej typu PRISMA FLEX i OMNI zapewniają wspomaganie niewydolnych narządów. Do dyspozycji jest przyłóżkowy aparat USG, endoskop, mobilny aparat RTG, sprzęt infuzyjny do podaży leków i żywienia, urządzenia do ogrzewania i schłodzenia chorych. Zespół anestezjologiczny wykonuje interwencje i konsultacje chorych w stanach zagrożenia życia w oddziałach PZS, a także prowadzi i nadzoruje postępowanie resuscytacyjne. Ponadto personel medyczny Oddziału Anestezjologii i Intensywnej Terapii współuczestniczy w zabiegach diagnostycznych i operacyjnych, wykonuje znieczulenia ogólne i przewodowe do zabiegów w trybie planowym i ostrodyżurowym w zakresie chirurgii ogólnej, położnictwa i ginekologii oraz ginekologii onkologicznej.</p>


<figure class="wp-block-gallery columns-2 is-cropped wp-block-gallery-1 is-layout-flex wp-block-gallery-is-layout-flex"><ul class="blocks-gallery-grid"><li class="blocks-gallery-item"><figure><a href="https://www.pzsolesnica.pl/wp/wp-content/uploads/2022/07/295226366_466920955437684_4320829387662644540_n-1024x473.jpg"><img loading="lazy" decoding="async" width="1024" height="473" src="https://www.pzsolesnica.pl/wp/wp-content/uploads/2022/07/295226366_466920955437684_4320829387662644540_n-1024x473.jpg" alt="" data-id="3201" data-link="https://www.pzsolesnica.pl/wp/oddzial-anestezjologii-i-intensywnej-terapii/295226366_466920955437684_4320829387662644540_n/" class="wp-image-3201" srcset="https://www.pzsolesnica.pl/wp/wp-content/uploads/2022/07/295226366_466920955437684_4320829387662644540_n-1024x473.jpg 1024w, https://www.pzsolesnica.pl/wp/wp-content/uploads/2022/07/295226366_466920955437684_4320829387662644540_n-300x139.jpg 300w, https://www.pzsolesnica.pl/wp/wp-content/uploads/2022/07/295226366_466920955437684_4320829387662644540_n-768x355.jpg 768w, https://www.pzsolesnica.pl/wp/wp-content/uploads/2022/07/295226366_466920955437684_4320829387662644540_n-1536x709.jpg 1536w, https://www.pzsolesnica.pl/wp/wp-content/uploads/2022/07/295226366_466920955437684_4320829387662644540_n.jpg 1992w" sizes="auto, (max-width: 706px) 89vw, (max-width: 767px) 82vw, 740px" /></a></figure></li><li class="blocks-gallery-item"><figure><a href="https://www.pzsolesnica.pl/wp/wp-content/uploads/2022/07/295476261_593042778939608_8850341586366116852_n-1024x473.jpg"><img loading="lazy" decoding="async" width="1024" height="473" src="https://www.pzsolesnica.pl/wp/wp-content/uploads/2022/07/295476261_593042778939608_8850341586366116852_n-1024x473.jpg" alt="" data-id="3202" data-link="https://www.pzsolesnica.pl/wp/oddzial-anestezjologii-i-intensywnej-terapii/295476261_593042778939608_8850341586366116852_n/" class="wp-image-3202" srcset="https://www.pzsolesnica.pl/wp/wp-content/uploads/2022/07/295476261_593042778939608_8850341586366116852_n-1024x473.jpg 1024w, https://www.pzsolesnica.pl/wp/wp-content/uploads/2022/07/295476261_593042778939608_8850341586366116852_n-300x139.jpg 300w, https://www.pzsolesnica.pl/wp/wp-content/uploads/2022/07/295476261_593042778939608_8850341586366116852_n-768x355.jpg 768w, https://www.pzsolesnica.pl/wp/wp-content/uploads/2022/07/295476261_593042778939608_8850341586366116852_n-1536x709.jpg 1536w, https://www.pzsolesnica.pl/wp/wp-content/uploads/2022/07/295476261_593042778939608_8850341586366116852_n.jpg 1992w" sizes="auto, (max-width: 706px) 89vw, (max-width: 767px) 82vw, 740px" /></a></figure></li></ul></figure>



<p></p>

<p>Kierownik Oddziałulek. Elżbieta Królicka-GarbinoSpecjalista anestezjologii i intensywnej terapii Zastępca Kierownika Oddziałulek. Ewa Gawkowska Pielęgniarka Oddziałowamgr Marzena Rodakpielęgniarka specjalista anestezjologii i intensywnej opieki Telefony:Dyżurka lekarska: 71 77 67 378Dyżurka pielęgniarska: 71 77 67 329Sekretariat oddziału: 71 77 67 313 &nbsp; Zakres działalności obejmuje Oddział Anestezjologii i Intensywnej Terapii rozpoczął działalność 1 lipca 2015 roku. Obecnie posiada &hellip; </p>
<p class="link-more"><a href="https://www.pzsolesnica.pl/wp/oddzial-anestezjologii-i-intensywnej-terapii/" class="more-link">Czytaj dalej<span class="screen-reader-text"> „Oddział Anestezjologii i Intensywnej Terapii”</span></a></p>
